2 - 6*l - x + 13*l**2 + 9*l**2. Calculate c(5).
-12
Let h be (3 + -4)*-1 - -2. Let i(c) = -5*c**3 + 5*c**2 + 2*c - 1. Let k(b) = 4*b**3 - 5*b**2 - 3*b + 1. Let a(y) = h*i(y) + 4*k(y). What is a(6)?
1
Let k(x) be the first derivative of x**4/4 - 2*x**3 + 3*x**2 - 7*x - 38. Determine k(5).
-2
Suppose 0*n = 3*j + n + 7, 2*j + 3*n = 7. Let o(y) = 4*y + 2 - 2*y - 4*y. Give o(j).
10
Let r(g) = 4*g**2 - 2*g. Suppose -336 = 3*k - 330. Calculate r(k).
20
Let b(p) = p - 6. Suppose -23 = i + 4*z, 8*i + 27 = 7*i - 5*z. What is b(i)?
-13
Let r(h) = -8*h**2 - 4*h + 1. Let s be r(-1). Let v be (-27)/15*10/s. Let o(x) = x**2 - 2*x - 6. Determine o(v).
18
Let a(j) be the second derivative of -j**4/12 + 7*j**3/6 + j**2/2 - j + 62. Let y = 13 - 6. What is a(y)?
1
Let t(k) = 106753*k**2 + 6*k - 18*k - 106754*k**2. Suppose -4*p = -b + 49, 0*b - 32 = 3*p + 4*b. Give t(p).
0
Let r(t) = t**3 + 9*t**2 + 9*t - 6. Let j be r(-8). Let s = j + 17. Suppose -1 + 7 = -s*l. Let b(m) = m**3 - m**2 - 3*m - 1. What is b(l)?
-7
Let y = -434 - -438. Let h(s) be the first derivative of -1/4*s**y - 3/2*s**2 + 5/3*s**3 + 5*s - 1. What is h(4)?
9
Let q(a) = a**2 - 2*a**2 + 13 - a**3 - 3. Let v(k) = 2*k**3 + 7*k**2 + 12*k + 12. Let s be v(-2). Give q(s).
10
Let u be (10/(-4))/((-1)/(-2)). Let t = -20 - -25. Let d(v) = 0*v**2 - t + v**2 + 4*v + 0. Give d(u).
0
Let m(d) be the second derivative of -1/12*d**4 + 5*d**2 - 1/6*d**3 + 6*d + 0. Let i(l) be the first derivative of m(l). What is i(-1)?
1
Suppose 86 - 98 = 3*a. Let n(m) = -m**3 - 5*m**2 - 3*m - 2. Calculate n(a).
-6
Let d(t) = t**3 - 7*t**2 + 3*t + 3. Let b(y) = y**2 + 3*y - 11. Let u be b(-6). Calculate d(u).
24
Let u(q) be the third derivative of -q**4/24 - 5*q**3/3 + 82*q**2. Give u(-5).
-5
Let h(b) = b**2 - 10*b + 12. Let r be h(9). Let v(z) = r*z + 0 - 2*z + z + 3. What is v(-2)?
-1
Let n(p) be the first derivative of -p + 1/2*p**2 - 5. Let w be n(2). Let f(d) = 6*d**2 + 2*d - 1. Give f(w).
7
Let s = 887 - 882. Let z(p) = 5 + 3 - 3 - p. Calculate z(s).
0
Let a(v) = 2*v - v + 0*v**2 + 21 + 0*v**2 + v**2. Suppose -7*t = -8 + 8. Give a(t).
21
Let y be (-15)/(-275)*40 + (-4)/22. Let h = -4 - 1. Let d(b) = 3*b**2 + 8*b - 6. Let t(o) = 4*o**2 + 12*o - 9. Let n(i) = h*t(i) + 7*d(i). Give n(y).
-1
Let c = 24 - 9. Suppose -2*z + 6 = 2*q - 14, -3*z + c = 0. Let a(y) = -y + 5. Calculate a(q).
0
Let m(s) = 2*s**2 + 5*s + 2. Let k = -29 + 34. Suppose 0 = k*i - 0*i + 15. Calculate m(i).
5
Let z(w) be the second derivative of w**4/12 - w**3/2 - w**2 + 5*w + 2. Give z(3).
-2
Let y(o) = -o**3 + 8. Let k be ((-12)/8 - -1)/((-1)/2). Let f be 2/(-4)*k*0. Determine y(f).
8
Suppose i + 2 = 5*n + 3*i, -4*n - 5*i = 12. Let v = n - 1. Let u(k) = -7936 - 8*k**3 + 7936. What is u(v)?
-8
Let c(n) = 6 - 2 - 6*n + 2*n + 3*n. Suppose -3*k - m = -6, 10 = 5*k - 2*m - 0*m. Suppose -4 - 4 = -w + 2*l, 2*w - 4 = -k*l. Calculate c(w).
0
Let l(g) = 11*g**2 - 25*g - 4. Let s(t) = 5*t**2 - 12*t - 2. Let r(q) = 6*l(q) - 13*s(q). What is r(-3)?
-7
Let s(n) = 20*n**2 + n + 2. Let j(d) = -d**3 + 48*d**2 - 93*d + 45. Let a be j(46). Give s(a).
21
Let u = 3 - -5. Let m(h) = 2*h**2 - 1. Let b(x) = x**2 + 12*x - 5. Let g(w) = w**2 - w. Let a(k) = -b(k) - 4*g(k). Let p(l) = -a(l) - 3*m(l). Determine p(u).
-2
Let p = -8 - -13. Let q(b) = b**2 - 6*b + 6. Let m be q(p). Let d(j) = -3*j + j - j. What is d(m)?
-3
Suppose 7*s - 2*s = -3*f - 47, -4*s - 2*f = 38. Let v(h) = -3*h - 8. What is v(s)?
22
Let g(l) be the first derivative of -l**4/4 + 7*l**3/3 + l**2/2 - 8*l + 20. Calculate g(7).
-1
Let o(r) be the first derivative of r**3/3 - r**2 - 2*r - 1. Let f be 14*-1 + 28 + -20 - -4. Determine o(f).
6
Let c(v) = 3*v**2 - 5*v - 3. Let s(f) = f**2 + 3*f - 52. Let j be s(6). Let p(b) = 10*b**2 - 16*b - 10. Let l(t) = j*p(t) - 7*c(t). Give l(4).
-3
Suppose 7 = -3*d + 10. Suppose b - 3*z + 1 = 0, -3*b - z - 2*z = -9. Let s(q) = -2*q + q**2 - 6*q**2 + 1 + b - 2. Determine s(d).
-6
Suppose 0 = 5*m + 11 - 36. Let s(d) = 191*d**2 - 4*d**3 - 4 - 196*d**2 + 3*d**3 + m*d. Calculate s(-6).
2
Let c be (-20)/(-6) - 215/(-129). Let w(y) = 2*y**2 - 6*y - 7. Calculate w(c).
13
Let p(l) = -l**3 - 6*l**2 - 8. Let u(k) = k**3 + k**2 - 7*k + 5. Let v be u(2). Suppose 5*i + 18 = -v*t, -t = -5*i - 8 - 26. Determine p(i).
-8
Suppose 4*k + 0 = -0. Let n(i) = 1. Let a(f) = f - 14. Let j(s) = a(s) + 5*n(s). Give j(k).
-9
Let b(t) = 3*t**2 - 3*t + 1. Let s(h) = h**2 + h + 2. Let m(d) = b(d) - 4*s(d). Determine m(-5).
3
Let x = -264 - -261. Let n(c) = c**3 + 3*c**2 + 4*c + 1. What is n(x)?
-11
Suppose -39 = -5*b - 8*b. Let m be (-1 - 0) + b + 0. Let f(z) = -z - 2*z + 6*z - 3. Determine f(m).
3
Let n(m) = 15*m - 43. Let s(x) = 39*x - 231. Let u be s(6). Determine n(u).
2
Let h = 80 - 85. Let p(m) = -3 - 1 + 2*m + 11. Calculate p(h).
-3
Suppose -4*c = -o + 29, c - 4*o = -20 - 6. Let q(r) = -r**3 - 14*r**2 + 10. Let j(m) = -m**3 - 13*m**2 + 9. Let u(d) = c*q(d) + 7*j(d). Determine u(-7).
3
Let a(o) = o**3 + 4*o**2 - 23*o + 8. Let x be a(3). Let y(m) be the first derivative of 11/2*m**x + m + 14. Determine y(1).
12
Let u(w) = w**2 - 13*w + 25. Let k be u(12). Let r(t) = -23 + k + 4 + t + 8. Suppose 0 = -2*d - d + 6. Determine r(d).
4
Let r(v) = -2*v - 9. Let w be r(-6). Let y(d) = -20*d + 26. Let n(j) = 6*j - 8. Let q(f) = -7*n(f) - 2*y(f). Calculate q(w).
-2
Let q = 5 + -1. Let n(y) be the first derivative of y**2 + 4*y - 286. Give n(q).
12
Let p(k) = 7*k**3 + 5*k**2 + 2*k - 10. Let h(r) = -2*r**3 + r**2 - r + 1. Let y(l) = -3*h(l) - p(l). Determine y(-8).
-1
Let j(g) = 9*g**3 - 3*g**2 - 8*g**3 - 2 - 13*g - 15*g - 12*g + 43*g. Give j(4).
26
Let a(v) = -5*v - v**2 + 3*v**2 + 6 - 3*v**2. Let j = 1832 - 1838. Calculate a(j).
0
Let r(g) = g**2. Let l(b) = -7*b + 5. Let j(h) = -l(h) - 2*r(h). Let o(y) = 4*y**2 + 4*y + 4. Let z be o(-3). Let c = z + -24. Give j(c).
-9
Let v(w) = w + 4. Let m be 1/(21/(-5) - -4). Let g(x) = -x**3 - 6*x**2 - 3*x + 10. Let t be g(m). What is v(t)?
4
Let q(y) = y**2 + 3*y - 1. Let h = 15 + -15. Suppose h = 7*n - 4*n + 9. Give q(n).
-1
Suppose -130*h = -126*h + 20. Let l(k) = 3*k**2 + 7*k + 6. Let p(x) = x**2 + 4*x + 3. Let f(d) = h*p(d) + 2*l(d). Give f(6).
-3
Let q be 2 + 2/(3 + -1). Suppose -q*t + 2*t = 3. Let o(y) be the third derivative of -y**5/60 - y**4/8 + y**3/6 + 25*y**2. Determine o(t).
1
Let i(l) = -l**3 - l**2 + 2*l - 1. Suppose -3*y + j + 16 = 0, y + 3*y - 8 = 4*j. Suppose -4*z + y = -g - 4, 0 = 3*g + 9. Calculate i(z).
-9
Let w = -6 - -2. Let d(i) be the third derivative of i**4/12 - i**3/3 + 46*i**2 + 2*i. Calculate d(w).
-10
Suppose -4*a + 3 = 2*w - 23, 0 = 5*w - 2*a - 77. Let f be (-3 + w/10)*-4. Let u(b) = -b. What is u(f)?
-6
Let j(g) = 3*g**2 - g - 6. Let z(t) = -16*t**2 + 4*t + 31. Let h(c) = -11*j(c) - 2*z(c). Suppose q + 5*p - 19 = 0, 95*q - 4*p = 92*q. Determine h(q).
0
Let t(j) = j**2 - j - 10. Suppose 3*i = -4*m - 20, -12*i = -11*i - m - 5. What is t(i)?
-10
Let d(p) = 9 + 31*p**2 - 39*p**2 + 17*p**2 + p**3. Calculate d(-9).
9
Suppose 4*k = 10*k + 1290. Let p be k/(-30) + 1/(-6). Let d(r) = -r + 1. Determine d(p).
-6
Suppose 12*w - 17*w = -15. Let y(o) = 0 + 0*o + w - o. Let b(k) = -1. Let q(c) = 2*b(c) + y(c). Give q(4).
-3
Let j(z) = 21 + 19*z - 16 - 18*z. Let y(d) = -2. Let s(x) = -j(x) - 6*y(x). Let u = -11 - -16. Determine s(u).
2
Let r be 4 - 0/(-3) - 1. Suppose 0 = -3*q - r*j + 96, 0 = 5*q + j - 8 - 144. Suppose -11*x - q = -16*x. Let f(w) = -2*w - 7. Determine f(x).
-19
Suppose -3*z - 3 + 3 = 0. Let f(w) = -w**2 - w + 7. Give f(z).
7
Let w(z) = 7*z. Let x(s) = -36*s. Let v(q) = -4*w(q) - x(q). Suppose 5*p + 24 = c, -p - 6 = -2*c - 3. Determine v(c).
-8
Let z(p) be the third derivative of -p**7/2520 + p**6/360 + p**5/30 - 7*p**4/12 - 4*p**2. Let q(r) be the second derivative of z(r). Determine q(6).
-20
Let s(d) be the third derivative of 2*d**4/3 - 6*d**2 - 43. Determine s(1).
16
Suppose 4 = 2*h, 0 = o + o + 4*h - 52. Let k = -22 + o. Let x(r) = 4*r + k*r - r**2 + r + 4. What is x(5)?
4
Let b be (-4)/(-10)*(-50)/(-4). Let x(w) = 1. Let p(k) = -k - 2. Let s(t) = p(t) + 5*x(t). Determine s(b).
-2
Let r(u) = -u**3 + u**2 - 1. Let a(d) be the first derivative of -7*d**4/4 + 11*d**3/3 - d**2/2 - 11*d - 12. Let c(p) = -a(p) + 6*r(p). Give c(4).
-7
Let z(g) 